. Give d(7).
-4
Let d(m) = m**3 - 6*m**2 - 22*m - 2. Give d(-2).
10
Let v(l) = 5*l**3 + 73*l**2 + 46*l - 100. Determine v(-14).
-156
Let q(k) = 6*k**2 + 162*k + 159. Give q(-26).
3
Let f(d) = -16*d - 721. Calculate f(-45).
-1
Let b(j) = j**2 + 171*j + 1783. Give b(-11).
23
Let y(p) = 13*p + 37. What is y(-4)?
-15
Let q(o) = -o**2 - 139*o - 1283. What is q(-129)?
7
Let k(m) = 63*m**2 - 68*m - 370. Determine k(3).
-7
Let o(l) = -l**2 + 140*l + 11997. What is o(200)?
-3
Let z(o) = 55*o**2 + 13*o + 14. Calculate z(-1).
56
Let m(t) = -t**2 + 47*t - 414. Calculate m(19).
118
Let x(m) = -3*m + 140. What is x(41)?
17
Let z(j) = 134*j - 689. Give z(5).
-19
Let x(z) = z**2 + 368*z + 2546. What is x(-7)?
19
Let h(r) = -51*r - 3036. Give h(-60).
24
Let g(z) = -10*z**2 - 308*z + 34. Determine g(-31).
-28
Let m(c) = 2*c**3 - 122*c**2 + 121*c - 76. Determine m(60).
-16
Let g(p) = 25*p**2 - 152*p - 1. Give g(3).
-232
Let v(t) = 23*t + 376. Calculate v(-15).
31
Let s(p) = 4*p**3 + 206*p**2 + 98*p - 93. What is s(-51)?
111
Let v(m) = m**3 - 36*m**2 + 118*m - 11. Give v(32).
-331
Let n(s) = 4*s - 18. Determine n(5).
2
Let t(c) = 319*c + 1282. Calculate t(-4).
6
Let v(t) = -2552*t + 15296. Determine v(6).
-16
Let i(p) = 112*p + 245. Give i(-2).
21
Let w(o) = -27*o**2 - 4263*o + 454. Give w(-158).
-20
Let w(z) = 32*z**3 + 160*z**2 - 45*z - 220. What is w(-5)?
5
Let h(y) = -y**2 + 246*y + 2582. Determine h(-10).
22
Let d(y) = -95*y - 845. Determine d(-9).
10
Let n(u) = -4*u**3 - 85*u**2 - 290*u - 24. Give n(-17).
-7
Let y(v) = -8*v**3 + 36*v + 72. Determine y(-2).
64
Let q(p) = 9*p - 18. Calculate q(5).
27
Let m(s) = s**3 - 17*s**2 + 66*s - 1. Give m(5).
29
Let a(i) = -i**2 - 193*i - 1819. Calculate a(-10).
11
Let a(w) = -w**3 - 8*w**2 - 15*w + 20. Determine a(-6).
38
Let d(p) = 2*p**3 + 60*p**2 - 53*p + 280. What is d(-31)?
1
Let a(x) = -x**3 + 22*x**2 + 78*x + 10. Determine a(-3).
1
Let z(u) = -555*u - 37712. Calculate z(-68).
28
Let k(d) = -4*d**3 - 42*d**2 - 101*d - 22. Give k(-7).
-1
Let v(s) = -1796*s - 14363. Calculate v(-8).
5
Let j(g) = g**2 - 478*g + 57057. What is j(231)?
0
Let m(f) = -f**3 + 4*f**2 + 28*f + 25. What is m(8)?
-7
Let f(q) = -2*q**2 - 18*q - 43. Calculate f(-6).
-7
Let c(w) = -31*w**2 - 80*w + 165. Calculate c(-4).
-11
Let v(a) = 56*a - 1494. Calculate v(25).
-94
Let r(s) = 2*s**3 + 109*s**2 + 168*s + 519. Give r(-53).
42
Let u(j) = -554*j + 3871. What is u(7)?
-7
Let y(n) = -n**3 - 84*n**2 - 736*n + 306. Determine y(-74).
10
Let x(p) = 9*p**3 + 9*p + 7. Determine x(-3).
-263
Let y(d) = -d**3 - 38*d**2 - 178*d - 1417. Calculate y(-34).
11
Let w(r) = r**2 + 173*r + 3945. Calculate w(-27).
3
Let r(g) = -7103*g + 35554. Give r(5).
39
Let k(h) = -h**2 + 44*h - 121. Determine k(33).
242
Let d(h) = h**2 - 17*h + 29. What is d(15)?
-1
Let s(j) = -j**3 - 5*j**2 - 63*j - 538. Calculate s(-7).
1
Let g(j) = 23*j + 361. Give g(-17).
-30
Let o(n) = n**3 - 6*n**2 + 15*n - 63. What is o(5)?
-13
Let x(m) = 48*m - 816. Calculate x(17).
0
Let c(d) = 404*d - 50099. What is c(124)?
-3
Let y(u) = 56*u - 3953. What is y(72)?
79
Let y(c) = 161*c - 5652. Calculate y(35).
-17
Let s(q) = -q**3 - 160*q - 8. Determine s(0).
-8
Let i(q) = -q**3 + 10*q**2 + 18*q - 18. Give i(11).
59
Let j(m) = m**2 + 12*m - 57. Calculate j(-9).
-84
Let j(x) = -3*x**3 - 5*x**2 + 48*x - 12. Determine j(-5).
-2
Let p(n) = 8*n**3 - 2*n**2 - 13*n - 8. Give p(0).
-8
Let l(j) = 4*j**3 - 10*j + 15. Calculate l(-2).
3
Let c(j) = -2*j**2 + 14*j - 7. What is c(9)?
-43
Let u(m) = 12*m + 81. Give u(-11).
-51
Let j(l) = l**2 - 144*l - 579. Calculate j(-4).
13
Let n(u) = u**2 - 264*u - 11128. Give n(-37).
9
Let a(g) = -g**3 - 27*g**2 + 51*g - 39. Calculate a(-29).
164
Let c(b) = -2*b**3 - 6*b**2 + 6*b - 1. Calculate c(-4).
7
Let l(c) = -c**3 - 3*c**2 + 5*c - 12. Calculate l(-4).
-16
Let q(x) = -28158*x + 535003. Give q(19).
1
Let t(y) = y**2 + 1406*y - 4226. Calculate t(3).
1
Let m(i) = -2*i**2 - 39*i + 24. What is m(-20)?
4
Let f(h) = 3*h**3 + 34*h**2 + 52*h - 2. Determine f(-9).
97
Let d(y) = -y**3 + 29*y**2 - 6*y + 180. What is d(29)?
6
Let v(f) = f**2 - 29*f + 325. What is v(12)?
121
Let b(m) = 9*m - 285. Determine b(33).
12
Let h(q) = 80*q + 650. Calculate h(-8).
10
Let z(b) = -2*b**2 + 87*b + 68. What is z(43)?
111
Let x(t) = -2078*t - 16619. Give x(-8).
5
Let a(l) = l**2 + 81*l - 6744. Determine a(-132).
-12
Let k(u) = -447*u - 26813. Give k(-60).
7
Let r(s) = 114*s + 756. Determine r(-7).
-42
Let r(n) = -n**2 - 102*n + 313. Give r(-105).
-2
Let m(x) = 19*x - 301. What is m(15)?
-16
Let c(x) = 6*x - 294. What is c(23)?
-156
Let y(f) = -1434*f**3 - f**2 + 2*f + 2. Calculate y(-1).
1433
Let f(n) = -5*n - 3. What is f(-3)?
12
Let b(j) = -3*j**3 - 5*j**2 + j + 2. Give b(-2).
4
Let v(q) = q**3 - 16*q**2 - 21*q + 60. Calculate v(17).
-8
Let f(d) = -d**2 - 258*d - 4983. Give f(-21).
-6
Let h(m) = 24*m - 1058. What is h(43)?
-26
Let n(u) = 13*u**3 + u + 6. Determine n(-2).
-100
Let i(h) = 159*h - 133. Give i(0).
-133
Let k(y) = -46*y - 1567. What is k(-34)?
-3
Let i(l) = -4*l**2 + 27*l + 101. Give i(-3).
-16
Let u(c) = -356*c**3 - c - 3. Calculate u(-1).
354
Let s(a) = 3*a - 12. What is s(-22)?
-78
Let h(z) = 2*z**3 + 5*z**2 + 3*z + 3. Determine h(-3).
-15
Let n(b) = -b - 32. Give n(-48).
16
Let v(y) = y**2 + 33*y + 32. Give v(-1).
0
Let o(b) = b**3 - 19*b**2 + 91*b - 2. Determine o(11).
31
Let l(h) = 30*h + 1043. Calculate l(-35).
-7
Let u(k) = k**2 - 194*k - 1866. Give u(-9).
-39
Let f(d) = -2*d**3 - 43*d**2 + 362*d + 7472. Determine f(-22).
-8
Let z(g) = -166*g - 59. Calculate z(1).
-225
Let h(g) = -g**2 + 49*g + 1675. Calculate h(-23).
19
Let f(x) = 44*x + 3526. Determine f(-80).
6
Let d(v) = v**3 + v**2 + 5*v + 23. What is d(-3)?
-10
Let o(l) = -l**2 + 380*l - 11069. What is o(32)?
67
Let z(b) = 69*b - 3572. Determine z(52).
16
Let k(d) = 1678*d + 1677. Calculate k(-1).
-1
Let s(u) = u**3 + 30*u**2 + 161*u + 22. Give s(-23).
22
Let m(l) = -6744*l + 6740. Determine m(1).
-4
Let k(l) = l**3 - 22*l**2 - 163*l + 23. What is k(-6)?
-7
Let z(i) = -554*i - 23256. Determine z(-42).
12
Let x(s) = 26*s**2 - 119*s + 9. Determine x(6).
231
Let r(m) = -2*m**2 - 124*m - 1985. Determine r(-14).
-641
Let i(p) = -2*p**2 + p + 5. Give i(-1).
2
Let n(x) = x**3 - 19*x**2 - 34*x - 159. Determine n(21).
9
Let g(o) = 20*o + 11. What is g(-12)?
-229
Let z(g) = 62*g + 106. What is z(-2)?
-18
Let l(q) = -2*q**2 - 6*q + 7. Calculate l(-5).
-13
Let l(j) = 2*j**2 - 87*j + 12. Give l(42).
-114
Let r(c) = -51*c**2 - 14*c - 6. Calculate r(2).
-238
Let z(n) = 406*n**3 - 26*n**2 - 26*n - 1. What is z(-1)?
-407
Let m(k) = 14*k**2 + 102*k + 215. Give m(-2).
67
Let q(b) = -11*b + 122. Determine q(25).
-153
Let m(l) = 2*l**3 - 12*l**2 + 7*l + 36. Calculate m(6).
78
Let c(j) = -8*j**2 + 62*j + 18. What is c(11)?
-268
Let p(q) = 18*q - 28. Calculate p(4).
44
Let f(q) = 1495*q - 4637. Calculate f(3).
-152
Let r(a) = 6*a**2 - 23*a - 16. Determine r(6).
62
Let w(u) = -u**3 - 31*u**2 - 77*u - 16. Calculate w(-28).
-212
Let a(l) = l**3 - 8*l**2 - l + 49. Calculate a(6).
-29
Let p(b) = b**2 - 10*b + 28. Determine p(9).
19
Let z(s) = 5*s**3 + 8*s**2 + 8*s + 31. Calculate z(-4).
-193
Let g(x) = 2*x**2 + 5*x - 321. What is g(12)?
27
Let q(x) = 519*x - 37891. Determine q(73).
-4
Let l(j) = -3*j**2 + 55*j + 3. What is l(19)?
-35
Let q(x) = -13*x**2 - 848*x - 176. Give q(-65).
19
Let j(b) = -766*b - 38320. Calculate j(-50).
-20
Let o(b) = b**3 - 4*b**2 - 34*b - 19. Determine o(10).
241
Let s(o) = 2*o**2 + 41*o + 449. Calculate s(-10).
239
Let o(v) = v**3 - 12*v**2 + 39*v - 39. What is o(7)?
-11
Let o(t) = -t**2 + 10*t + 66. What is o(20)?
-134
Let m(d) = -20*d - 389. Calculate m(-18).
-29
Let q(s) = 4*s**3 - 7*s**2 - 8*s + 35. Calculate q(2).
23
Let f(c) = 3*c**2 - 56*c + 143. Give f(15).
-22
Let c(n) = -4*n**3 + 34*n**2 - 4*n + 8. Calculate c(8).
104
Let c(w) = w**2 - 38*w + 194. Calculate c(8).
-46
Let x(t) = 5*t - 366. What is x(62)?
-56
Let i(s) = 20*s**2 - 179*s + 15. What is i(9)?
24
Let q(j) = -27*j**3 + 7*j**2 - 7*j - 1. Give q(1).
-28
Let d(x) = -x + 35. Calculate d(0).
35
Let i(x) = -2*x**3 + 91*x**2 - 989*x - 15. Calculate i(18).
3
Let h(d) = d**3 + 8*d**2 - 203*d - 1291. Determine h(-6).
-1
Let i(n) = n**2 + 688*n - 32976. Determi